{"id":108,"date":"2020-07-27T08:00:01","date_gmt":"2020-07-27T11:00:01","guid":{"rendered":"https:\/\/site.equacaocerta.com.br\/escola\/?page_id=108"},"modified":"2025-01-07T11:47:04","modified_gmt":"2025-01-07T14:47:04","slug":"ensino-medio","status":"publish","type":"page","link":"https:\/\/site.equacaocerta.com.br\/escola\/ensinos\/ensino-medio\/","title":{"rendered":"Ensino M\u00e9dio"},"content":{"rendered":"<section class=\"l-section wpb_row height_medium\"><div class=\"l-section-h i-cf\"><div class=\"g-cols vc_row type_default valign_top\"><div class=\"vc_col-sm-12 wpb_column vc_column_container\"><div class=\"vc_column-inner\"><div class=\"wpb_wrapper\"><div class=\"w-image align_center\"><div class=\"w-image-h\"><img loading=\"lazy\" decoding=\"async\" width=\"1920\" height=\"600\" src=\"https:\/\/site.equacaocerta.com.br\/escola\/wp-content\/uploads\/sites\/2\/2020\/10\/bannerEnsinoMedio.jpg\" class=\"attachment-full size-full\" alt=\"\" srcset=\"https:\/\/site.equacaocerta.com.br\/escola\/wp-content\/uploads\/sites\/2\/2020\/10\/bannerEnsinoMedio.jpg 1920w, https:\/\/site.equacaocerta.com.br\/escola\/wp-content\/uploads\/sites\/2\/2020\/10\/bannerEnsinoMedio-300x94.jpg 300w, https:\/\/site.equacaocerta.com.br\/escola\/wp-content\/uploads\/sites\/2\/2020\/10\/bannerEnsinoMedio-1024x320.jpg 1024w\" sizes=\"auto, (max-width: 1920px) 100vw, 1920px\" \/><\/div><\/div><\/div><\/div><\/div><\/div><\/div><\/section><section class=\"l-section wpb_row height_auto\"><div class=\"l-section-h i-cf\"><div class=\"g-cols vc_row type_default valign_top\"><div class=\"vc_col-sm-6 wpb_column vc_column_container\"><div class=\"vc_column-inner\"><div class=\"wpb_wrapper\"><div class=\"wpb_text_column\" ><div class=\"wpb_wrapper\"><h1>1\u00aa e 2\u00aa s\u00e9ries<\/h1>\n<p>Abordagem te\u00f3rica abrangente e aprofundada do conte\u00fado, com a pr\u00e1tica logo ap\u00f3s a teoria, preparando os alunos com efici\u00eancia para o ENEM e os principais exames. Outro ponto essencial \u00e9 a constru\u00e7\u00e3o de h\u00e1bitos de estudo e de trabalho ampliados no decorrer do ano letivo e resultar\u00e3o em enorme benef\u00edcio para a forma\u00e7\u00e3o do estudante, com repercuss\u00e3o em toda a vida escolar.<\/p>\n<div class=\"text-block shortcode-container\">\n<ul>\n<li><strong>Data de in\u00edcio:<\/strong> dia 23 de janeiro<\/li>\n<li><strong>Material: <\/strong>Sistema Ari de S\u00e1<\/li>\n<li><strong>Carga-hor\u00e1ria:<\/strong>\u00a06 aulas de segunda-feira a s\u00e1bado<\/li>\n<\/ul>\n<\/div>\n<div class=\"TnITTtw-translate-selection-button\" style=\"top: 40.5px; left: 43.8417px; opacity: 0.169932;\"><\/div>\n<\/div><\/div><div class=\"w-separator size_small with_line width_default thick_1 style_solid color_border align_center\"><div class=\"w-separator-h\"><\/div><\/div><div class=\"wpb_text_column\" ><div class=\"wpb_wrapper\"><h2>Lista de Materiais<\/h2>\n<\/div><\/div><div class=\"g-cols wpb_row  type_default valign_top vc_inner\"><div class=\"vc_col-sm-6 wpb_column vc_column_container\"><div class=\"vc_column-inner\"><div class=\"wpb_wrapper\"><div class=\"w-btn-wrapper width_full\"><a class=\"w-btn us-btn-style_4 icon_atleft\" href=\"https:\/\/site.equacaocerta.com.br\/escola\/wp-content\/uploads\/sites\/2\/2024\/12\/LISTA-DE-MATERIAIS-2025-1\u00aa-S\u00c9RIE.pdf\" target=\"_blank\" rel=\"noopener\"><i class=\"fas fa-download\"><\/i><span class=\"w-btn-label\">1\u00aa S\u00e9rie<\/span><\/a><\/div><\/div><\/div><\/div><div class=\"vc_col-sm-6 wpb_column vc_column_container\"><div class=\"vc_column-inner\"><div class=\"wpb_wrapper\"><div class=\"w-btn-wrapper width_full\"><a class=\"w-btn us-btn-style_4 icon_atleft\" href=\"https:\/\/site.equacaocerta.com.br\/escola\/wp-content\/uploads\/sites\/2\/2024\/12\/LISTA-DE-MATERIAIS-2025-2\u00aa-S\u00c9RIE.pdf\" target=\"_blank\" rel=\"noopener\"><i class=\"fas fa-download\"><\/i><span class=\"w-btn-label\">2\u00aa S\u00e9rie<\/span><\/a><\/div><\/div><\/div><\/div><\/div><\/div><\/div><\/div><div class=\"vc_col-sm-6 wpb_column vc_column_container\"><div class=\"vc_column-inner\"><div class=\"wpb_wrapper\"><div class=\"wpb_text_column\" ><div class=\"wpb_wrapper\"><h1>3\u00aa s\u00e9rie<\/h1>\n<p>O 3\u00ba ano do Col\u00e9gio Equa\u00e7\u00e3o Certa prepara os alunos para o ENEM e para os principais vestibulares do pa\u00eds. \u00c9 hora de rever conte\u00fados, fortalecer conhecimentos e fazer muitos exerc\u00edcios e simulados. Os alunos contam com uma aten\u00e7\u00e3o especial dos professores e da equipe do Col\u00e9gio, que entendem e apoiam os alunos na busca de grandes resultados.<\/p>\n<div class=\"text-block shortcode-container\">\n<ul>\n<li><strong>Data de in\u00edcio:<\/strong> dia 23 de janeiro<\/li>\n<li><strong>Material: <\/strong>Sistema Ari de S\u00e1<\/li>\n<li><strong>Carga-hor\u00e1ria:<\/strong>\u00a06 aulas de segunda-feira a s\u00e1bado<\/li>\n<\/ul>\n<\/div>\n<div class=\"TnITTtw-translate-selection-button\" style=\"top: 40.5px; left: 25.1583px; opacity: 0.231852;\"><\/div>\n<\/div><\/div><\/div><\/div><\/div><\/div><\/div><\/section><section class=\"l-section wpb_row height_medium\"><div class=\"l-section-h i-cf\"><div class=\"g-cols vc_row type_default valign_top\"><div class=\"vc_col-sm-12 wpb_column vc_column_container\"><div class=\"vc_column-inner\"><div class=\"wpb_wrapper\"><div class=\"w-separator size_medium\"><\/div><\/div><\/div><\/div><\/div><\/div><\/section>\n","protected":false},"excerpt":{"rendered":"1\u00aa e 2\u00aa s\u00e9ries Abordagem te\u00f3rica abrangente e aprofundada do conte\u00fado, com a pr\u00e1tica logo ap\u00f3s a teoria, preparando os alunos com efici\u00eancia para o ENEM e os principais exames. Outro ponto essencial \u00e9 a constru\u00e7\u00e3o de h\u00e1bitos de estudo e de trabalho ampliados no decorrer do ano letivo e resultar\u00e3o em enorme benef\u00edcio para...","protected":false},"author":1,"featured_media":0,"parent":15,"menu_order":0,"comment_status":"closed","ping_status":"closed","template":"","meta":{"footnotes":""},"class_list":["post-108","page","type-page","status-publish","hentry"],"_links":{"self":[{"href":"https:\/\/site.equacaocerta.com.br\/escola\/wp-json\/wp\/v2\/pages\/108","targetHints":{"allow":["GET"]}}],"collection":[{"href":"https:\/\/site.equacaocerta.com.br\/escola\/wp-json\/wp\/v2\/pages"}],"about":[{"href":"https:\/\/site.equacaocerta.com.br\/escola\/wp-json\/wp\/v2\/types\/page"}],"author":[{"embeddable":true,"href":"https:\/\/site.equacaocerta.com.br\/escola\/wp-json\/wp\/v2\/users\/1"}],"replies":[{"embeddable":true,"href":"https:\/\/site.equacaocerta.com.br\/escola\/wp-json\/wp\/v2\/comments?post=108"}],"version-history":[{"count":26,"href":"https:\/\/site.equacaocerta.com.br\/escola\/wp-json\/wp\/v2\/pages\/108\/revisions"}],"predecessor-version":[{"id":2409,"href":"https:\/\/site.equacaocerta.com.br\/escola\/wp-json\/wp\/v2\/pages\/108\/revisions\/2409"}],"up":[{"embeddable":true,"href":"https:\/\/site.equacaocerta.com.br\/escola\/wp-json\/wp\/v2\/pages\/15"}],"wp:attachment":[{"href":"https:\/\/site.equacaocerta.com.br\/escola\/wp-json\/wp\/v2\/media?parent=108"}],"curies":[{"name":"wp","href":"https:\/\/api.w.org\/{rel}","templated":true}]}}

Ensino Médio

<section class="l-section wpb_row height_medium"><div class="l-section-h i-cf"><div class="g-cols vc_row type_default valign_top"><div class="vc_col-sm-12 wpb_column vc_column_container"><div class="vc_column-inner"><div class="wpb_wrapper"><div class="w-image align_center"><div class="w-image-h"><img loading="lazy" decoding="async" width="1920" height="600" src="https://site.equacaocerta.com.br/escola/wp-content/uploads/sites/2/2020/10/bannerEnsinoMedio.jpg" class="attachment-full size-full" alt="" srcset="https://site.equacaocerta.com.br/escola/wp-content/uploads/sites/2/2020/10/bannerEnsinoMedio.jpg 1920w, https://site.equacaocerta.com.br/escola/wp-content/uploads/sites/2/2020/10/bannerEnsinoMedio-300x94.jpg 300w, https://site.equacaocerta.com.br/escola/wp-content/uploads/sites/2/2020/10/bannerEnsinoMedio-1024x320.jpg 1024w" sizes="auto, (max-width: 1920px) 100vw, 1920px" /></div></div></div></div></div></div></div></section><section class="l-section wpb_row height_auto"><div class="l-section-h i-cf"><div class="g-cols vc_row type_default valign_top"><div class="vc_col-sm-6 wpb_column vc_column_container"><div class="vc_column-inner"><div class="wpb_wrapper"><div class="wpb_text_column" ><div class="wpb_wrapper"><h1>1ª e 2ª séries</h1>
<p>Abordagem teórica abrangente e aprofundada do conteúdo, com a prática logo após a teoria, preparando os alunos com eficiência para o ENEM e os principais exames. Outro ponto essencial é a construção de hábitos de estudo e de trabalho ampliados no decorrer do ano letivo e resultarão em enorme benefício para a formação do estudante, com repercussão em toda a vida escolar.</p>
<div class="text-block shortcode-container">
<ul>
<li><strong>Data de início:</strong> dia 23 de janeiro</li>
<li><strong>Material: </strong>Sistema Ari de Sá</li>
<li><strong>Carga-horária:</strong> 6 aulas de segunda-feira a sábado</li>
</ul>
</div>
<div class="TnITTtw-translate-selection-button" style="top: 40.5px; left: 43.8417px; opacity: 0.169932;"></div>
</div></div><div class="w-separator size_small with_line width_default thick_1 style_solid color_border align_center"><div class="w-separator-h"></div></div><div class="wpb_text_column" ><div class="wpb_wrapper"><h2>Lista de Materiais</h2>
</div></div><div class="g-cols wpb_row  type_default valign_top vc_inner"><div class="vc_col-sm-6 wpb_column vc_column_container"><div class="vc_column-inner"><div class="wpb_wrapper"><div class="w-btn-wrapper width_full"><a class="w-btn us-btn-style_4 icon_atleft" href="https://site.equacaocerta.com.br/escola/wp-content/uploads/sites/2/2024/12/LISTA-DE-MATERIAIS-2025-1ª-SÉRIE.pdf" target="_blank" rel="noopener"><i class="fas fa-download"></i><span class="w-btn-label">1ª Série</span></a></div></div></div></div><div class="vc_col-sm-6 wpb_column vc_column_container"><div class="vc_column-inner"><div class="wpb_wrapper"><div class="w-btn-wrapper width_full"><a class="w-btn us-btn-style_4 icon_atleft" href="https://site.equacaocerta.com.br/escola/wp-content/uploads/sites/2/2024/12/LISTA-DE-MATERIAIS-2025-2ª-SÉRIE.pdf" target="_blank" rel="noopener"><i class="fas fa-download"></i><span class="w-btn-label">2ª Série</span></a></div></div></div></div></div></div></div></div><div class="vc_col-sm-6 wpb_column vc_column_container"><div class="vc_column-inner"><div class="wpb_wrapper"><div class="wpb_text_column" ><div class="wpb_wrapper"><h1>3ª série</h1>
<p>O 3º ano do Colégio Equação Certa prepara os alunos para o ENEM e para os principais vestibulares do país. É hora de rever conteúdos, fortalecer conhecimentos e fazer muitos exercícios e simulados. Os alunos contam com uma atenção especial dos professores e da equipe do Colégio, que entendem e apoiam os alunos na busca de grandes resultados.</p>
<div class="text-block shortcode-container">
<ul>
<li><strong>Data de início:</strong> dia 23 de janeiro</li>
<li><strong>Material: </strong>Sistema Ari de Sá</li>
<li><strong>Carga-horária:</strong> 6 aulas de segunda-feira a sábado</li>
</ul>
</div>
<div class="TnITTtw-translate-selection-button" style="top: 40.5px; left: 25.1583px; opacity: 0.231852;"></div>
</div></div></div></div></div></div></div></section><section class="l-section wpb_row height_medium"><div class="l-section-h i-cf"><div class="g-cols vc_row type_default valign_top"><div class="vc_col-sm-12 wpb_column vc_column_container"><div class="vc_column-inner"><div class="wpb_wrapper"><div class="w-separator size_medium"></div></div></div></div></div></div></section>

1ª e 2ª séries Abordagem teórica abrangente e aprofundada do conteúdo, com a prática logo após a teoria, preparando os alunos com eficiência para o ENEM e os principais exames. Outro ponto essencial é a construção de hábitos de estudo e de trabalho ampliados no decorrer do ano letivo e resultarão em enorme benefício para...
