{"id":94,"date":"2020-07-27T07:29:16","date_gmt":"2020-07-27T10:29:16","guid":{"rendered":"https:\/\/site.equacaocerta.com.br\/escola\/?page_id=94"},"modified":"2020-09-18T00:27:13","modified_gmt":"2020-09-18T03:27:13","slug":"noticias","status":"publish","type":"page","link":"https:\/\/site.equacaocerta.com.br\/escola\/noticias\/","title":{"rendered":"Not\u00edcias"},"content":{"rendered":"<section class=\"l-section wpb_row height_medium\"><div class=\"l-section-h i-cf\"><div class=\"g-cols vc_row type_default valign_top\"><div class=\"vc_col-sm-12 wpb_column vc_column_container\"><div class=\"vc_column-inner\"><div class=\"wpb_wrapper\"><div class=\"w-grid type_grid layout_blog_14\" id=\"us_grid_1\" data-grid-filter=\"true\" onclick='return {&quot;tax|category&quot;:[&quot;noticias&quot;]}'><style id=\"us_grid_1_css\">#us_grid_1 .w-grid-item:not(:last-child){margin-bottom:1.5rem}#us_grid_1 .g-loadmore{margin-top:1.5rem}<\/style><style>.layout_blog_14 .w-grid-item-h{}@media(max-width:479px){.layout_blog_14 .usg_post_image_1{display:none!important}}.layout_blog_14 .usg_hwrapper_1{color:#333!important;background:#ffffff!important;margin-left:10%!important;padding-top:6%!important;padding-bottom:6%!important}.layout_blog_14 .usg_post_image_1{width:50%!important;margin-left:-11%!important;margin-right:0!important}.layout_blog_14 .usg_vwrapper_1{width:48%!important;margin-left:7%!important}.layout_blog_14 .usg_post_date_1{font-size:0.9rem!important}.layout_blog_14 .usg_post_title_1{font-weight:700!important;line-height:1.2!important}.layout_blog_14 .usg_post_content_1{font-size:0.9rem!important}@media (max-width:599px){.layout_blog_14 .usg_hwrapper_1{margin-left:0!important;margin-right:0!important;padding-top:0!important;padding-bottom:0!important}.layout_blog_14 .usg_post_image_1{width:100%!important;margin-left:0!important}.layout_blog_14 .usg_vwrapper_1{width:86%!important;margin:5% 7% 7% 7%!important}}<\/style><div class=\"w-grid-list\" ><article class=\"w-grid-item size_1x1 post-1961 post type-post status-publish format-standard has-post-thumbnail hentry category-eventos category-noticias\" data-id=\"1961\">\r\n\t<div class=\"w-grid-item-h\">\r\n\t\t\t\t<div class=\"w-hwrapper usg_hwrapper_1 align_left valign_center wrap \"><div class=\"w-post-elm post_image usg_post_image_1 stretched has_width\"><a href=\"https:\/\/site.equacaocerta.com.br\/escola\/noticias\/happy-halloween-equacao-certa\/\" aria-label=\"Happy Halloween Equa\u00e7\u00e3o Certa\"><img loading=\"lazy\" decoding=\"async\" width=\"1024\" height=\"682\" src=\"https:\/\/site.equacaocerta.com.br\/escola\/wp-content\/uploads\/sites\/2\/2021\/12\/WhatsApp-Image-2021-11-30-at-10.53.17-1024x682.jpeg\" class=\"attachment-large size-large wp-post-image\" alt=\"\" srcset=\"https:\/\/site.equacaocerta.com.br\/escola\/wp-content\/uploads\/sites\/2\/2021\/12\/WhatsApp-Image-2021-11-30-at-10.53.17-1024x682.jpeg 1024w, https:\/\/site.equacaocerta.com.br\/escola\/wp-content\/uploads\/sites\/2\/2021\/12\/WhatsApp-Image-2021-11-30-at-10.53.17-300x200.jpeg 300w, https:\/\/site.equacaocerta.com.br\/escola\/wp-content\/uploads\/sites\/2\/2021\/12\/WhatsApp-Image-2021-11-30-at-10.53.17.jpeg 1280w\" sizes=\"auto, (max-width: 1024px) 100vw, 1024px\" \/><\/a><\/div><div class=\"w-vwrapper usg_vwrapper_1 align_left valign_top \"><time class=\"w-post-elm post_date usg_post_date_1 entry-date published\" datetime=\"2021-12-01T14:17:31-03:00\" title=\"1 dezembro 2021 \u00e0s 14:17:31 America\/Sao_Paulo\">1 dez 2021<\/time><h2 class=\"w-post-elm post_title usg_post_title_1 entry-title color_link_inherit\"><a href=\"https:\/\/site.equacaocerta.com.br\/escola\/noticias\/happy-halloween-equacao-certa\/\">Happy Halloween Equa\u00e7\u00e3o Certa<\/a><\/h2><div class=\"w-post-elm post_content usg_post_content_1\" >Os alunos do Ensino Fundamental Anos Iniciais, participaram, no dia 29 de Outubro, de atividade tem\u00e1tica em alus\u00e3o \u00e0 data americana. Um verdadeiro interc\u00e2mbio cultural, organizado por nossa coordena\u00e7\u00e3o pedag\u00f3gica&hellip;<\/div><\/div><\/div>\t<\/div>\r\n<\/article>\r\n<article class=\"w-grid-item size_1x1 post-1919 post type-post status-publish format-standard has-post-thumbnail hentry category-eventos category-noticias\" data-id=\"1919\">\r\n\t<div class=\"w-grid-item-h\">\r\n\t\t\t\t<div class=\"w-hwrapper usg_hwrapper_1 align_left valign_center wrap \"><div class=\"w-post-elm post_image usg_post_image_1 stretched has_width\"><a href=\"https:\/\/site.equacaocerta.com.br\/escola\/noticias\/equacao-certa-promove-exibicao-de-filmes-produzidos-por-alunos-no-cinem\/\" aria-label=\"Equa\u00e7\u00e3o Certa promove exibi\u00e7\u00e3o de filmes produzidos por alunos no cinem\"><img loading=\"lazy\" decoding=\"async\" width=\"1024\" height=\"682\" src=\"https:\/\/site.equacaocerta.com.br\/escola\/wp-content\/uploads\/sites\/2\/2021\/11\/WhatsApp-Image-2021-11-24-at-17.20.44-1024x682.jpeg\" class=\"attachment-large size-large wp-post-image\" alt=\"\" srcset=\"https:\/\/site.equacaocerta.com.br\/escola\/wp-content\/uploads\/sites\/2\/2021\/11\/WhatsApp-Image-2021-11-24-at-17.20.44-1024x682.jpeg 1024w, https:\/\/site.equacaocerta.com.br\/escola\/wp-content\/uploads\/sites\/2\/2021\/11\/WhatsApp-Image-2021-11-24-at-17.20.44-300x200.jpeg 300w, https:\/\/site.equacaocerta.com.br\/escola\/wp-content\/uploads\/sites\/2\/2021\/11\/WhatsApp-Image-2021-11-24-at-17.20.44.jpeg 1280w\" sizes=\"auto, (max-width: 1024px) 100vw, 1024px\" \/><\/a><\/div><div class=\"w-vwrapper usg_vwrapper_1 align_left valign_top \"><time class=\"w-post-elm post_date usg_post_date_1 entry-date published\" datetime=\"2021-11-26T15:47:55-03:00\" title=\"26 novembro 2021 \u00e0s 15:47:55 America\/Sao_Paulo\">26 nov 2021<\/time><h2 class=\"w-post-elm post_title usg_post_title_1 entry-title color_link_inherit\"><a href=\"https:\/\/site.equacaocerta.com.br\/escola\/noticias\/equacao-certa-promove-exibicao-de-filmes-produzidos-por-alunos-no-cinem\/\">Equa\u00e7\u00e3o Certa promove exibi\u00e7\u00e3o de filmes produzidos por alunos no cinem<\/a><\/h2><div class=\"w-post-elm post_content usg_post_content_1\" >Aconteceu, na manh\u00e3 do dia 13 de Outubro, a segunda edi\u00e7\u00e3o do Equacine, nos Cinemas Teresina (Teresina Shopping). O evento contou com a participa\u00e7\u00e3o de mais de 200 alunos, do&hellip;<\/div><\/div><\/div>\t<\/div>\r\n<\/article>\r\n<article class=\"w-grid-item size_1x1 post-1897 post type-post status-publish format-standard has-post-thumbnail hentry category-eventos category-noticias\" data-id=\"1897\">\r\n\t<div class=\"w-grid-item-h\">\r\n\t\t\t\t<div class=\"w-hwrapper usg_hwrapper_1 align_left valign_center wrap \"><div class=\"w-post-elm post_image usg_post_image_1 stretched has_width\"><a href=\"https:\/\/site.equacaocerta.com.br\/escola\/noticias\/equacao-certa-celebra-dia-das-criancas-com-semana-de-atividades\/\" aria-label=\"Equa\u00e7\u00e3o Certa celebra Dia das Crian\u00e7as com semana de atividades\"><img loading=\"lazy\" decoding=\"async\" width=\"1024\" height=\"683\" src=\"https:\/\/site.equacaocerta.com.br\/escola\/wp-content\/uploads\/sites\/2\/2021\/11\/WhatsApp-Image-2021-11-24-at-17.19.18-3-1024x683.jpeg\" class=\"attachment-large size-large wp-post-image\" alt=\"\" srcset=\"https:\/\/site.equacaocerta.com.br\/escola\/wp-content\/uploads\/sites\/2\/2021\/11\/WhatsApp-Image-2021-11-24-at-17.19.18-3-1024x683.jpeg 1024w, https:\/\/site.equacaocerta.com.br\/escola\/wp-content\/uploads\/sites\/2\/2021\/11\/WhatsApp-Image-2021-11-24-at-17.19.18-3-300x200.jpeg 300w, https:\/\/site.equacaocerta.com.br\/escola\/wp-content\/uploads\/sites\/2\/2021\/11\/WhatsApp-Image-2021-11-24-at-17.19.18-3.jpeg 1293w\" sizes=\"auto, (max-width: 1024px) 100vw, 1024px\" \/><\/a><\/div><div class=\"w-vwrapper usg_vwrapper_1 align_left valign_top \"><time class=\"w-post-elm post_date usg_post_date_1 entry-date published\" datetime=\"2021-11-26T15:43:42-03:00\" title=\"26 novembro 2021 \u00e0s 15:43:42 America\/Sao_Paulo\">26 nov 2021<\/time><h2 class=\"w-post-elm post_title usg_post_title_1 entry-title color_link_inherit\"><a href=\"https:\/\/site.equacaocerta.com.br\/escola\/noticias\/equacao-certa-celebra-dia-das-criancas-com-semana-de-atividades\/\">Equa\u00e7\u00e3o Certa celebra Dia das Crian\u00e7as com semana de atividades<\/a><\/h2><div class=\"w-post-elm post_content usg_post_content_1\" >Uma semana inteira para nossas crian\u00e7as, com muitas brincadeiras, sorrisos e viv\u00eancias inesquec\u00edveis. Proporcionar uma inf\u00e2ncia feliz aos nossos alunos \u00e9 uma das diretrizes que norteiam a nossa ess\u00eancia pedag\u00f3gica.&hellip;<\/div><\/div><\/div>\t<\/div>\r\n<\/article>\r\n<article class=\"w-grid-item size_1x1 post-1882 post type-post status-publish format-standard has-post-thumbnail hentry category-eventos category-noticias\" data-id=\"1882\">\r\n\t<div class=\"w-grid-item-h\">\r\n\t\t\t\t<div class=\"w-hwrapper usg_hwrapper_1 align_left valign_center wrap \"><div class=\"w-post-elm post_image usg_post_image_1 stretched has_width\"><a href=\"https:\/\/site.equacaocerta.com.br\/escola\/noticias\/equacao-certa-lanca-projeto-de-cinema-para-alunos\/\" aria-label=\"Equa\u00e7\u00e3o Certa lan\u00e7a projeto de Cinema para alunos\"><img loading=\"lazy\" decoding=\"async\" width=\"1024\" height=\"1024\" src=\"https:\/\/site.equacaocerta.com.br\/escola\/wp-content\/uploads\/sites\/2\/2021\/11\/WhatsApp-Image-2021-11-24-at-09.17.24-1-1024x1024.jpeg\" class=\"attachment-large size-large wp-post-image\" alt=\"\" srcset=\"https:\/\/site.equacaocerta.com.br\/escola\/wp-content\/uploads\/sites\/2\/2021\/11\/WhatsApp-Image-2021-11-24-at-09.17.24-1-1024x1024.jpeg 1024w, https:\/\/site.equacaocerta.com.br\/escola\/wp-content\/uploads\/sites\/2\/2021\/11\/WhatsApp-Image-2021-11-24-at-09.17.24-1-300x300.jpeg 300w, https:\/\/site.equacaocerta.com.br\/escola\/wp-content\/uploads\/sites\/2\/2021\/11\/WhatsApp-Image-2021-11-24-at-09.17.24-1-150x150.jpeg 150w, https:\/\/site.equacaocerta.com.br\/escola\/wp-content\/uploads\/sites\/2\/2021\/11\/WhatsApp-Image-2021-11-24-at-09.17.24-1.jpeg 1280w\" sizes=\"auto, (max-width: 1024px) 100vw, 1024px\" \/><\/a><\/div><div class=\"w-vwrapper usg_vwrapper_1 align_left valign_top \"><time class=\"w-post-elm post_date usg_post_date_1 entry-date published\" datetime=\"2021-11-24T15:35:14-03:00\" title=\"24 novembro 2021 \u00e0s 15:35:14 America\/Sao_Paulo\">24 nov 2021<\/time><h2 class=\"w-post-elm post_title usg_post_title_1 entry-title color_link_inherit\"><a href=\"https:\/\/site.equacaocerta.com.br\/escola\/noticias\/equacao-certa-lanca-projeto-de-cinema-para-alunos\/\">Equa\u00e7\u00e3o Certa lan\u00e7a projeto de Cinema para alunos<\/a><\/h2><div class=\"w-post-elm post_content usg_post_content_1\" >Direto dos est\u00fadios Equa\u00e7\u00e3o Certa de Produ\u00e7\u00e3o: EQUACINE 2021! Um projeto da escola que consiste em transformar os cl\u00e1ssicos liter\u00e1rios em curtas-metragens produzidos pelos nossos alunos. Turmas e professores est\u00e3o&hellip;<\/div><\/div><\/div>\t<\/div>\r\n<\/article>\r\n<article class=\"w-grid-item size_1x1 post-1871 post type-post status-publish format-standard has-post-thumbnail hentry category-eventos category-noticias\" data-id=\"1871\">\r\n\t<div class=\"w-grid-item-h\">\r\n\t\t\t\t<div class=\"w-hwrapper usg_hwrapper_1 align_left valign_center wrap \"><div class=\"w-post-elm post_image usg_post_image_1 stretched has_width\"><a href=\"https:\/\/site.equacaocerta.com.br\/escola\/noticias\/alunos-da-3a-serie-do-ensino-medio-participam-de-feira-das-profissoes\/\" aria-label=\"Alunos da 3\u00aa S\u00e9rie do Ensino M\u00e9dio participam de feira das profiss\u00f5es\"><img loading=\"lazy\" decoding=\"async\" width=\"768\" height=\"1024\" src=\"https:\/\/site.equacaocerta.com.br\/escola\/wp-content\/uploads\/sites\/2\/2021\/11\/WhatsApp-Image-2021-11-23-at-16.48.43-1-768x1024.jpeg\" class=\"attachment-large size-large wp-post-image\" alt=\"\" \/><\/a><\/div><div class=\"w-vwrapper usg_vwrapper_1 align_left valign_top \"><time class=\"w-post-elm post_date usg_post_date_1 entry-date published\" datetime=\"2021-11-24T15:20:23-03:00\" title=\"24 novembro 2021 \u00e0s 15:20:23 America\/Sao_Paulo\">24 nov 2021<\/time><h2 class=\"w-post-elm post_title usg_post_title_1 entry-title color_link_inherit\"><a href=\"https:\/\/site.equacaocerta.com.br\/escola\/noticias\/alunos-da-3a-serie-do-ensino-medio-participam-de-feira-das-profissoes\/\">Alunos da 3\u00aa S\u00e9rie do Ensino M\u00e9dio participam de feira das profiss\u00f5es<\/a><\/h2><div class=\"w-post-elm post_content usg_post_content_1\" >Em setembro, nossos alunos da 3\u00aa S\u00e9rie do Ensino M\u00e9dio participaram da segunda rodada da 3\u00aa Feira Profiss\u00e3o Certa, que aconteceu em parceria com o Centro Universit\u00e1rio UNIFACID. A a\u00e7\u00e3o&hellip;<\/div><\/div><\/div>\t<\/div>\r\n<\/article>\r\n<article class=\"w-grid-item size_1x1 post-1859 post type-post status-publish format-standard has-post-thumbnail hentry category-eventos category-noticias\" data-id=\"1859\">\r\n\t<div class=\"w-grid-item-h\">\r\n\t\t\t\t<div class=\"w-hwrapper usg_hwrapper_1 align_left valign_center wrap \"><div class=\"w-post-elm post_image usg_post_image_1 stretched has_width\"><a href=\"https:\/\/site.equacaocerta.com.br\/escola\/noticias\/equacao-certa-realiza-a-semana-do-transito-para-a-educacao-infantil\/\" aria-label=\"Equa\u00e7\u00e3o Certa realiza a semana do tr\u00e2nsito para a Educa\u00e7\u00e3o Infantil\"><img loading=\"lazy\" decoding=\"async\" width=\"1024\" height=\"768\" src=\"https:\/\/site.equacaocerta.com.br\/escola\/wp-content\/uploads\/sites\/2\/2021\/11\/WhatsApp-Image-2021-11-23-at-12.50.32.jpeg\" class=\"attachment-large size-large wp-post-image\" alt=\"\" srcset=\"https:\/\/site.equacaocerta.com.br\/escola\/wp-content\/uploads\/sites\/2\/2021\/11\/WhatsApp-Image-2021-11-23-at-12.50.32.jpeg 1024w, https:\/\/site.equacaocerta.com.br\/escola\/wp-content\/uploads\/sites\/2\/2021\/11\/WhatsApp-Image-2021-11-23-at-12.50.32-300x225.jpeg 300w\" sizes=\"auto, (max-width: 1024px) 100vw, 1024px\" \/><\/a><\/div><div class=\"w-vwrapper usg_vwrapper_1 align_left valign_top \"><time class=\"w-post-elm post_date usg_post_date_1 entry-date published\" datetime=\"2021-11-24T15:14:57-03:00\" title=\"24 novembro 2021 \u00e0s 15:14:57 America\/Sao_Paulo\">24 nov 2021<\/time><h2 class=\"w-post-elm post_title usg_post_title_1 entry-title color_link_inherit\"><a href=\"https:\/\/site.equacaocerta.com.br\/escola\/noticias\/equacao-certa-realiza-a-semana-do-transito-para-a-educacao-infantil\/\">Equa\u00e7\u00e3o Certa realiza a semana do tr\u00e2nsito para a Educa\u00e7\u00e3o Infantil<\/a><\/h2><div class=\"w-post-elm post_content usg_post_content_1\" >As crian\u00e7as da Educa\u00e7\u00e3o Infantil iniciaram os estudos da Sequ\u00eancia Did\u00e1tica \u201cCondutores do Amanh\u00e3\u201d, durante o m\u00eas de Setembro, por meio de rodas de conversa e de viv\u00eancias pr\u00e1ticas, simulando&hellip;<\/div><\/div><\/div>\t<\/div>\r\n<\/article>\r\n<article class=\"w-grid-item size_1x1 post-1795 post type-post status-publish format-standard has-post-thumbnail hentry category-eventos category-noticias\" data-id=\"1795\">\r\n\t<div class=\"w-grid-item-h\">\r\n\t\t\t\t<div class=\"w-hwrapper usg_hwrapper_1 align_left valign_center wrap \"><div class=\"w-post-elm post_image usg_post_image_1 stretched has_width\"><a href=\"https:\/\/site.equacaocerta.com.br\/escola\/noticias\/equacao-certa-celebra-independencia-do-brasil-com-momento-civico-para-alunos\/\" aria-label=\"Equa\u00e7\u00e3o Certa celebra Independ\u00eancia do Brasil com momento c\u00edvico para alunos\"><img loading=\"lazy\" decoding=\"async\" width=\"1024\" height=\"768\" src=\"https:\/\/site.equacaocerta.com.br\/escola\/wp-content\/uploads\/sites\/2\/2021\/09\/WhatsApp-Image-2021-09-24-at-15.20.38-1024x768.jpeg\" class=\"attachment-large size-large wp-post-image\" alt=\"\" srcset=\"https:\/\/site.equacaocerta.com.br\/escola\/wp-content\/uploads\/sites\/2\/2021\/09\/WhatsApp-Image-2021-09-24-at-15.20.38-1024x768.jpeg 1024w, https:\/\/site.equacaocerta.com.br\/escola\/wp-content\/uploads\/sites\/2\/2021\/09\/WhatsApp-Image-2021-09-24-at-15.20.38-300x225.jpeg 300w, https:\/\/site.equacaocerta.com.br\/escola\/wp-content\/uploads\/sites\/2\/2021\/09\/WhatsApp-Image-2021-09-24-at-15.20.38.jpeg 1280w\" sizes=\"auto, (max-width: 1024px) 100vw, 1024px\" \/><\/a><\/div><div class=\"w-vwrapper usg_vwrapper_1 align_left valign_top \"><time class=\"w-post-elm post_date usg_post_date_1 entry-date published\" datetime=\"2021-09-24T15:40:03-03:00\" title=\"24 setembro 2021 \u00e0s 15:40:03 America\/Sao_Paulo\">24 set 2021<\/time><h2 class=\"w-post-elm post_title usg_post_title_1 entry-title color_link_inherit\"><a href=\"https:\/\/site.equacaocerta.com.br\/escola\/noticias\/equacao-certa-celebra-independencia-do-brasil-com-momento-civico-para-alunos\/\">Equa\u00e7\u00e3o Certa celebra Independ\u00eancia do Brasil com momento c\u00edvico para alunos<\/a><\/h2><div class=\"w-post-elm post_content usg_post_content_1\" >Hist\u00f3ria dos hinos do Brasil e da Independ\u00eancia, al\u00e9m de s\u00edmbolos marcantes da hist\u00f3ria do pa\u00eds, foram pontos altos do evento. Na manh\u00e3 do dia 08 de setembro, aconteceu, nas&hellip;<\/div><\/div><\/div>\t<\/div>\r\n<\/article>\r\n<article class=\"w-grid-item size_1x1 post-1782 post type-post status-publish format-standard has-post-thumbnail hentry category-eventos category-noticias\" data-id=\"1782\">\r\n\t<div class=\"w-grid-item-h\">\r\n\t\t\t\t<div class=\"w-hwrapper usg_hwrapper_1 align_left valign_center wrap \"><div class=\"w-post-elm post_image usg_post_image_1 stretched has_width\"><a href=\"https:\/\/site.equacaocerta.com.br\/escola\/noticias\/equacao-certa-promove-1a-mostra-de-arte\/\" aria-label=\"Equa\u00e7\u00e3o Certa promove 1\u00aa Mostra de Arte\"><img loading=\"lazy\" decoding=\"async\" width=\"1024\" height=\"768\" src=\"https:\/\/site.equacaocerta.com.br\/escola\/wp-content\/uploads\/sites\/2\/2021\/09\/WhatsApp-Image-2021-09-06-at-08.09.46-1-1024x768.jpeg\" class=\"attachment-large size-large wp-post-image\" alt=\"\" srcset=\"https:\/\/site.equacaocerta.com.br\/escola\/wp-content\/uploads\/sites\/2\/2021\/09\/WhatsApp-Image-2021-09-06-at-08.09.46-1-1024x768.jpeg 1024w, https:\/\/site.equacaocerta.com.br\/escola\/wp-content\/uploads\/sites\/2\/2021\/09\/WhatsApp-Image-2021-09-06-at-08.09.46-1-300x225.jpeg 300w, https:\/\/site.equacaocerta.com.br\/escola\/wp-content\/uploads\/sites\/2\/2021\/09\/WhatsApp-Image-2021-09-06-at-08.09.46-1.jpeg 1600w\" sizes=\"auto, (max-width: 1024px) 100vw, 1024px\" \/><\/a><\/div><div class=\"w-vwrapper usg_vwrapper_1 align_left valign_top \"><time class=\"w-post-elm post_date usg_post_date_1 entry-date published\" datetime=\"2021-09-06T09:06:24-03:00\" title=\"6 setembro 2021 \u00e0s 09:06:24 America\/Sao_Paulo\">6 set 2021<\/time><h2 class=\"w-post-elm post_title usg_post_title_1 entry-title color_link_inherit\"><a href=\"https:\/\/site.equacaocerta.com.br\/escola\/noticias\/equacao-certa-promove-1a-mostra-de-arte\/\">Equa\u00e7\u00e3o Certa promove 1\u00aa Mostra de Arte<\/a><\/h2><div class=\"w-post-elm post_content usg_post_content_1\" >Alunos do Ensino Fundamental Anos Iniciais encantaram apreciadores com seus talentos. A I Mostra de Arte Equa\u00e7\u00e3o Certa, lan\u00e7ada no Dia Nacional da Arte &#8211; 12 de agosto, para as&hellip;<\/div><\/div><\/div>\t<\/div>\r\n<\/article>\r\n<article class=\"w-grid-item size_1x1 post-1654 post type-post status-publish format-standard has-post-thumbnail hentry category-eventos category-noticias\" data-id=\"1654\">\r\n\t<div class=\"w-grid-item-h\">\r\n\t\t\t\t<div class=\"w-hwrapper usg_hwrapper_1 align_left valign_center wrap \"><div class=\"w-post-elm post_image usg_post_image_1 stretched has_width\"><a href=\"https:\/\/site.equacaocerta.com.br\/escola\/noticias\/equacao-certa-celebra-o-dia-dos-pais-com-grande-evento-esportivo\/\" aria-label=\"Equa\u00e7\u00e3o Certa celebra o Dia dos Pais com grande evento esportivo\"><img loading=\"lazy\" decoding=\"async\" width=\"1024\" height=\"768\" src=\"https:\/\/site.equacaocerta.com.br\/escola\/wp-content\/uploads\/sites\/2\/2021\/08\/WhatsApp-Image-2021-08-23-at-06.44.47-1024x768.jpeg\" class=\"attachment-large size-large wp-post-image\" alt=\"\" srcset=\"https:\/\/site.equacaocerta.com.br\/escola\/wp-content\/uploads\/sites\/2\/2021\/08\/WhatsApp-Image-2021-08-23-at-06.44.47-1024x768.jpeg 1024w, https:\/\/site.equacaocerta.com.br\/escola\/wp-content\/uploads\/sites\/2\/2021\/08\/WhatsApp-Image-2021-08-23-at-06.44.47-300x225.jpeg 300w, https:\/\/site.equacaocerta.com.br\/escola\/wp-content\/uploads\/sites\/2\/2021\/08\/WhatsApp-Image-2021-08-23-at-06.44.47.jpeg 1280w\" sizes=\"auto, (max-width: 1024px) 100vw, 1024px\" \/><\/a><\/div><div class=\"w-vwrapper usg_vwrapper_1 align_left valign_top \"><time class=\"w-post-elm post_date usg_post_date_1 entry-date published\" datetime=\"2021-08-23T11:31:34-03:00\" title=\"23 agosto 2021 \u00e0s 11:31:34 America\/Sao_Paulo\">23 ago 2021<\/time><h2 class=\"w-post-elm post_title usg_post_title_1 entry-title color_link_inherit\"><a href=\"https:\/\/site.equacaocerta.com.br\/escola\/noticias\/equacao-certa-celebra-o-dia-dos-pais-com-grande-evento-esportivo\/\">Equa\u00e7\u00e3o Certa celebra o Dia dos Pais com grande evento esportivo<\/a><\/h2><div class=\"w-post-elm post_content usg_post_content_1\" >A promo\u00e7\u00e3o da sa\u00fade e uma grande aventura pelas ruas de Teresina foram pontos altos da atividade. O 1\u00b0 Passeio cicl\u00edstico e caminhada &#8211; Meu Pai e Eu, Vivendo Aventuras,&hellip;<\/div><\/div><\/div>\t<\/div>\r\n<\/article>\r\n<article class=\"w-grid-item size_1x1 post-1295 post type-post status-publish format-standard has-post-thumbnail hentry category-eventos category-noticias\" data-id=\"1295\">\r\n\t<div class=\"w-grid-item-h\">\r\n\t\t\t\t<div class=\"w-hwrapper usg_hwrapper_1 align_left valign_center wrap \"><div class=\"w-post-elm post_image usg_post_image_1 stretched has_width\"><a href=\"https:\/\/site.equacaocerta.com.br\/escola\/noticias\/equacao-certa-celebra-dia-dos-pais-na-escola\/\" aria-label=\"Equa\u00e7\u00e3o Certa celebra Dia dos Pais na escola.\"><img loading=\"lazy\" decoding=\"async\" width=\"1024\" height=\"768\" src=\"https:\/\/site.equacaocerta.com.br\/escola\/wp-content\/uploads\/sites\/2\/2021\/08\/WhatsApp-Image-2021-08-16-at-11.11.05-1-1024x768.jpeg\" class=\"attachment-large size-large wp-post-image\" alt=\"\" srcset=\"https:\/\/site.equacaocerta.com.br\/escola\/wp-content\/uploads\/sites\/2\/2021\/08\/WhatsApp-Image-2021-08-16-at-11.11.05-1-1024x768.jpeg 1024w, https:\/\/site.equacaocerta.com.br\/escola\/wp-content\/uploads\/sites\/2\/2021\/08\/WhatsApp-Image-2021-08-16-at-11.11.05-1-300x225.jpeg 300w, https:\/\/site.equacaocerta.com.br\/escola\/wp-content\/uploads\/sites\/2\/2021\/08\/WhatsApp-Image-2021-08-16-at-11.11.05-1.jpeg 1600w\" sizes=\"auto, (max-width: 1024px) 100vw, 1024px\" \/><\/a><\/div><div class=\"w-vwrapper usg_vwrapper_1 align_left valign_top \"><time class=\"w-post-elm post_date usg_post_date_1 entry-date published\" datetime=\"2021-08-17T14:16:07-03:00\" title=\"17 agosto 2021 \u00e0s 14:16:07 America\/Sao_Paulo\">17 ago 2021<\/time><h2 class=\"w-post-elm post_title usg_post_title_1 entry-title color_link_inherit\"><a href=\"https:\/\/site.equacaocerta.com.br\/escola\/noticias\/equacao-certa-celebra-dia-dos-pais-na-escola\/\">Equa\u00e7\u00e3o Certa celebra Dia dos Pais na escola.<\/a><\/h2><div class=\"w-post-elm post_content usg_post_content_1\" >Festividade contou com apresenta\u00e7\u00f5es e resgate de brincadeiras de inf\u00e2ncia. O m\u00eas dos Pais est\u00e1 acontecendo no Col\u00e9gio Equa\u00e7\u00e3o Certa com muitas aventuras e viv\u00eancias, a fim de auxiliar as&hellip;<\/div><\/div><\/div>\t<\/div>\r\n<\/article>\r\n<\/div><div class=\"w-grid-preloader\"><div class=\"g-preloader type_1\">\r\n\t<div><\/div>\r\n<\/div>\r\n<\/div>\t\t<div class=\"g-loadmore \">\r\n\t\t\t<div class=\"g-preloader type_1\">\r\n\t\t\t\t<div><\/div>\r\n\t\t\t<\/div>\r\n\t\t\t<a class=\"w-btn us-btn-style_1\" href=\"javascript:void(0)\">\r\n\t\t\t\t<span class=\"w-btn-label\">Carregar mais<\/span>\r\n\t\t\t<\/a>\r\n\t\t<\/div>\r\n\t\t\t<div class=\"w-grid-json hidden\" onclick='return {&quot;action&quot;:&quot;us_ajax_grid&quot;,&quot;ajax_url&quot;:&quot;https:\\\/\\\/site.equacaocerta.com.br\\\/escola\\\/wp-admin\\\/admin-ajax.php&quot;,&quot;infinite_scroll&quot;:true,&quot;max_num_pages&quot;:3,&quot;pagination&quot;:&quot;ajax&quot;,&quot;permalink_url&quot;:&quot;https:\\\/\\\/site.equacaocerta.com.br\\\/escola\\\/wp-json\\\/wp\\\/v2\\\/pages\\\/94&quot;,&quot;template_vars&quot;:{&quot;columns&quot;:&quot;1&quot;,&quot;exclude_items&quot;:&quot;none&quot;,&quot;img_size&quot;:&quot;default&quot;,&quot;items_layout&quot;:&quot;blog_14&quot;,&quot;items_offset&quot;:&quot;1&quot;,&quot;overriding_link&quot;:&quot;none&quot;,&quot;post_id&quot;:94,&quot;query_args&quot;:{&quot;post_type&quot;:[&quot;post&quot;],&quot;tax_query&quot;:[{&quot;taxonomy&quot;:&quot;category&quot;,&quot;field&quot;:&quot;slug&quot;,&quot;terms&quot;:[&quot;noticias&quot;]}],&quot;post_status&quot;:[&quot;publish&quot;],&quot;orderby&quot;:{&quot;date&quot;:&quot;DESC&quot;},&quot;posts_per_page&quot;:&quot;10&quot;},&quot;type&quot;:&quot;grid&quot;,&quot;us_grid_ajax_index&quot;:1,&quot;us_grid_filter_params&quot;:null,&quot;us_grid_index&quot;:1,&quot;_us_grid_post_type&quot;:&quot;post&quot;}}'><\/div>\r\n<\/div><\/div><\/div><\/div><\/div><\/div><\/section>\n","protected":false},"excerpt":{"rendered":"Festividade contou com apresenta\u00e7\u00f5es e resgate de brincadeiras de inf\u00e2ncia. O m\u00eas dos Pais est\u00e1 acontecendo no Col\u00e9gio Equa\u00e7\u00e3o Certa com muitas aventuras e viv\u00eancias, a fim de auxiliar as fam\u00edlias na constru\u00e7\u00e3o de mem\u00f3rias entre Pai e filho(a) nesta data t\u00e3o especial. As crian\u00e7as est\u00e3o promovendo um verdadeiro espet\u00e1culo, com direito \u00e0 muita emo\u00e7\u00e3o...","protected":false},"author":1,"featured_media":0,"parent":0,"menu_order":0,"comment_status":"closed","ping_status":"closed","template":"","meta":{"footnotes":""},"class_list":["post-94","page","type-page","status-publish","hentry"],"_links":{"self":[{"href":"https:\/\/site.equacaocerta.com.br\/escola\/wp-json\/wp\/v2\/pages\/94","targetHints":{"allow":["GET"]}}],"collection":[{"href":"https:\/\/site.equacaocerta.com.br\/escola\/wp-json\/wp\/v2\/pages"}],"about":[{"href":"https:\/\/site.equacaocerta.com.br\/escola\/wp-json\/wp\/v2\/types\/page"}],"author":[{"embeddable":true,"href":"https:\/\/site.equacaocerta.com.br\/escola\/wp-json\/wp\/v2\/users\/1"}],"replies":[{"embeddable":true,"href":"https:\/\/site.equacaocerta.com.br\/escola\/wp-json\/wp\/v2\/comments?post=94"}],"version-history":[{"count":11,"href":"https:\/\/site.equacaocerta.com.br\/escola\/wp-json\/wp\/v2\/pages\/94\/revisions"}],"predecessor-version":[{"id":229,"href":"https:\/\/site.equacaocerta.com.br\/escola\/wp-json\/wp\/v2\/pages\/94\/revisions\/229"}],"wp:attachment":[{"href":"https:\/\/site.equacaocerta.com.br\/escola\/wp-json\/wp\/v2\/media?parent=94"}],"curies":[{"name":"wp","href":"https:\/\/api.w.org\/{rel}","templated":true}]}}