{"id":10,"date":"2020-08-26T21:43:49","date_gmt":"2020-08-27T00:43:49","guid":{"rendered":"https:\/\/site.equacaocerta.com.br\/prevestibular\/?page_id=10"},"modified":"2024-01-11T10:10:43","modified_gmt":"2024-01-11T13:10:43","slug":"cursos","status":"publish","type":"page","link":"https:\/\/site.equacaocerta.com.br\/prevestibular\/cursos\/","title":{"rendered":"Cursos Pr\u00e9-vestibular Equa\u00e7\u00e3o Certa"},"content":{"rendered":"<section class=\"l-section wpb_row height_medium\"><div class=\"l-section-h i-cf\"><div class=\"g-cols vc_row type_default valign_top\"><div class=\"vc_col-sm-12 wpb_column vc_column_container\"><div class=\"vc_column-inner\"><div class=\"wpb_wrapper\"><div class=\"wpb_text_column\" ><div class=\"wpb_wrapper\"><h1>Nossos Cursos<\/h1>\n<\/div><\/div><div class=\"w-separator size_small with_line width_default thick_1 style_solid color_border align_center\"><div class=\"w-separator-h\"><\/div><\/div><div class=\"w-grid type_grid layout_155 cols_3 overflow_hidden\" id=\"us_grid_1\" data-grid-filter=\"true\" onclick='return []'><style id=\"us_grid_1_css\">#us_grid_1 .w-grid-item{padding:1.5rem}#us_grid_1 .w-grid-list{margin:-1.5rem}.w-grid + #us_grid_1 .w-grid-list{margin-top:1.5rem}@media (max-width:899px){#us_grid_1 .w-grid-item{width:50%}}@media (max-width:599px){#us_grid_1 .w-grid-list{margin:0}#us_grid_1 .w-grid-item{width:100%;padding:0;margin-bottom:1.5rem}}<\/style><style>.layout_155 .w-grid-item-h{background:#fff;color:#1a1a1a;border-radius:0.3rem;z-index:3;box-shadow:0 0.03rem 0.06rem rgba(0,0,0,0.1),0 0.10rem 0.30rem rgba(0,0,0,0.1);transition-duration:0.3s}.no-touch .layout_155 .w-grid-item-h:hover{box-shadow:0 0.12rem 0.24rem rgba(0,0,0,0.1),0 0.40rem 1.20rem rgba(0,0,0,0.15);z-index:4}.layout_155 .usg_vwrapper_1{padding:0.8rem 1.5rem 1.5rem 1.5rem!important}.layout_155 .usg_hwrapper_1{margin-bottom:0.3rem!important}.layout_155 .usg_post_taxonomy_1{font-size:14px!important;font-weight:700!important;text-transform:uppercase!important;margin-right:0.6rem!important}.layout_155 .usg_post_title_1{color:inherit!important;font-weight:700!important;font-size:1.4rem!important}@media (max-width:599px){.layout_155 .usg_post_title_1{font-size:1.2rem!important}}<\/style><div class=\"w-grid-list\" ><article class=\"w-grid-item size_1x1 post-50 us_portfolio type-us_portfolio status-publish has-post-thumbnail hentry\" data-id=\"50\">\r\n\t<div class=\"w-grid-item-h\">\r\n\t\t\t\t<div class=\"w-post-elm post_image usg_post_image_1 stretched\"><a href=\"https:\/\/site.equacaocerta.com.br\/prevestibular\/cursos\/medicina-mais\/\" aria-label=\"Medicina Mais\"><img loading=\"lazy\" decoding=\"async\" width=\"1034\" height=\"852\" src=\"https:\/\/site.equacaocerta.com.br\/prevestibular\/wp-content\/uploads\/sites\/4\/2020\/08\/19-jan-2018-Cursos-Equa\u00e7\u00e3o-Sec-02-1034x852-1.jpg\" class=\"attachment-us_600_600_crop size-us_600_600_crop wp-post-image\" alt=\"\" srcset=\"https:\/\/site.equacaocerta.com.br\/prevestibular\/wp-content\/uploads\/sites\/4\/2020\/08\/19-jan-2018-Cursos-Equa\u00e7\u00e3o-Sec-02-1034x852-1.jpg 1034w, https:\/\/site.equacaocerta.com.br\/prevestibular\/wp-content\/uploads\/sites\/4\/2020\/08\/19-jan-2018-Cursos-Equa\u00e7\u00e3o-Sec-02-1034x852-1-300x247.jpg 300w, https:\/\/site.equacaocerta.com.br\/prevestibular\/wp-content\/uploads\/sites\/4\/2020\/08\/19-jan-2018-Cursos-Equa\u00e7\u00e3o-Sec-02-1034x852-1-1024x844.jpg 1024w\" sizes=\"auto, (max-width: 1034px) 100vw, 1034px\" \/><\/a><\/div><div class=\"w-vwrapper usg_vwrapper_1 align_left valign_top \"><div class=\"w-hwrapper usg_hwrapper_1 align_left valign_top \"><\/div><h2 class=\"w-post-elm post_title usg_post_title_1 entry-title color_link_inherit has_text_color\"><a href=\"https:\/\/site.equacaocerta.com.br\/prevestibular\/cursos\/medicina-mais\/\">Medicina Mais<\/a><\/h2><\/div>\t<\/div>\r\n<\/article>\r\n<article class=\"w-grid-item size_1x1 post-53 us_portfolio type-us_portfolio status-publish has-post-thumbnail hentry\" data-id=\"53\">\r\n\t<div class=\"w-grid-item-h\">\r\n\t\t\t\t<div class=\"w-post-elm post_image usg_post_image_1 stretched\"><a href=\"https:\/\/site.equacaocerta.com.br\/prevestibular\/cursos\/medicina-enem\/\" aria-label=\"Medicina Enem\"><img loading=\"lazy\" decoding=\"async\" width=\"1034\" height=\"852\" src=\"https:\/\/site.equacaocerta.com.br\/prevestibular\/wp-content\/uploads\/sites\/4\/2020\/08\/19-jan-2018-Cursos-Equa\u00e7\u00e3o-Sec-01-1034x852-1.jpg\" class=\"attachment-us_600_600_crop size-us_600_600_crop wp-post-image\" alt=\"\" srcset=\"https:\/\/site.equacaocerta.com.br\/prevestibular\/wp-content\/uploads\/sites\/4\/2020\/08\/19-jan-2018-Cursos-Equa\u00e7\u00e3o-Sec-01-1034x852-1.jpg 1034w, https:\/\/site.equacaocerta.com.br\/prevestibular\/wp-content\/uploads\/sites\/4\/2020\/08\/19-jan-2018-Cursos-Equa\u00e7\u00e3o-Sec-01-1034x852-1-300x247.jpg 300w, https:\/\/site.equacaocerta.com.br\/prevestibular\/wp-content\/uploads\/sites\/4\/2020\/08\/19-jan-2018-Cursos-Equa\u00e7\u00e3o-Sec-01-1034x852-1-1024x844.jpg 1024w\" sizes=\"auto, (max-width: 1034px) 100vw, 1034px\" \/><\/a><\/div><div class=\"w-vwrapper usg_vwrapper_1 align_left valign_top \"><div class=\"w-hwrapper usg_hwrapper_1 align_left valign_top \"><\/div><h2 class=\"w-post-elm post_title usg_post_title_1 entry-title color_link_inherit has_text_color\"><a href=\"https:\/\/site.equacaocerta.com.br\/prevestibular\/cursos\/medicina-enem\/\">Medicina Enem<\/a><\/h2><\/div>\t<\/div>\r\n<\/article>\r\n<article class=\"w-grid-item size_1x1 post-45 us_portfolio type-us_portfolio status-publish has-post-thumbnail hentry\" data-id=\"45\">\r\n\t<div class=\"w-grid-item-h\">\r\n\t\t\t\t<div class=\"w-post-elm post_image usg_post_image_1 stretched\"><a href=\"https:\/\/site.equacaocerta.com.br\/prevestibular\/cursos\/medicina-premium\/\" aria-label=\"Medicina Premium\"><img loading=\"lazy\" decoding=\"async\" width=\"1024\" height=\"844\" src=\"https:\/\/site.equacaocerta.com.br\/prevestibular\/wp-content\/uploads\/sites\/4\/2020\/08\/medicinapremium-1024x844-1.jpg\" class=\"attachment-us_600_600_crop size-us_600_600_crop wp-post-image\" alt=\"\" srcset=\"https:\/\/site.equacaocerta.com.br\/prevestibular\/wp-content\/uploads\/sites\/4\/2020\/08\/medicinapremium-1024x844-1.jpg 1024w, https:\/\/site.equacaocerta.com.br\/prevestibular\/wp-content\/uploads\/sites\/4\/2020\/08\/medicinapremium-1024x844-1-300x247.jpg 300w\" sizes=\"auto, (max-width: 1024px) 100vw, 1024px\" \/><\/a><\/div><div class=\"w-vwrapper usg_vwrapper_1 align_left valign_top \"><div class=\"w-hwrapper usg_hwrapper_1 align_left valign_top \"><\/div><h2 class=\"w-post-elm post_title usg_post_title_1 entry-title color_link_inherit has_text_color\"><a href=\"https:\/\/site.equacaocerta.com.br\/prevestibular\/cursos\/medicina-premium\/\">Medicina Premium<\/a><\/h2><\/div>\t<\/div>\r\n<\/article>\r\n<\/div><div class=\"w-grid-preloader\"><div class=\"g-preloader type_1\">\r\n\t<div><\/div>\r\n<\/div>\r\n<\/div>\t<div class=\"w-grid-json hidden\" onclick='return {&quot;action&quot;:&quot;us_ajax_grid&quot;,&quot;ajax_url&quot;:&quot;https:\\\/\\\/site.equacaocerta.com.br\\\/prevestibular\\\/wp-admin\\\/admin-ajax.php&quot;,&quot;infinite_scroll&quot;:0,&quot;max_num_pages&quot;:1,&quot;pagination&quot;:&quot;none&quot;,&quot;permalink_url&quot;:&quot;https:\\\/\\\/site.equacaocerta.com.br\\\/prevestibular\\\/wp-json\\\/wp\\\/v2\\\/pages\\\/10&quot;,&quot;template_vars&quot;:{&quot;columns&quot;:&quot;3&quot;,&quot;exclude_items&quot;:&quot;none&quot;,&quot;img_size&quot;:&quot;default&quot;,&quot;items_layout&quot;:&quot;155&quot;,&quot;items_offset&quot;:&quot;1&quot;,&quot;overriding_link&quot;:&quot;none&quot;,&quot;post_id&quot;:10,&quot;query_args&quot;:{&quot;post_type&quot;:[&quot;us_portfolio&quot;],&quot;post_status&quot;:[&quot;publish&quot;],&quot;orderby&quot;:{&quot;date&quot;:&quot;DESC&quot;},&quot;posts_per_page&quot;:&quot;10&quot;},&quot;type&quot;:&quot;grid&quot;,&quot;us_grid_ajax_index&quot;:1,&quot;us_grid_filter_params&quot;:null,&quot;us_grid_index&quot;:1,&quot;_us_grid_post_type&quot;:&quot;us_portfolio&quot;}}'><\/div>\r\n<\/div><\/div><\/div><\/div><\/div><\/div><\/section>\n","protected":false},"excerpt":{"rendered":"O curso Turma espec\u00edfica para alunos que pretendem ingressar no curso de Medicina, por meio do Enem, contemplando de forma extensiva todo o conte\u00fado program\u00e1tico no edital dos exames. A turma contar\u00e1 com uma carga-hor\u00e1ria ideal para sua aprova\u00e7\u00e3o. Ser\u00e3o 38 aulas semanais: 6 aulas di\u00e1rias (segunda-feira \u00e0 s\u00e1bado \u2013 Turno: manh\u00e3) + 2 aulas...","protected":false},"author":1,"featured_media":0,"parent":0,"menu_order":0,"comment_status":"closed","ping_status":"closed","template":"","meta":{"footnotes":""},"class_list":["post-10","page","type-page","status-publish","hentry"],"_links":{"self":[{"href":"https:\/\/site.equacaocerta.com.br\/prevestibular\/wp-json\/wp\/v2\/pages\/10","targetHints":{"allow":["GET"]}}],"collection":[{"href":"https:\/\/site.equacaocerta.com.br\/prevestibular\/wp-json\/wp\/v2\/pages"}],"about":[{"href":"https:\/\/site.equacaocerta.com.br\/prevestibular\/wp-json\/wp\/v2\/types\/page"}],"author":[{"embeddable":true,"href":"https:\/\/site.equacaocerta.com.br\/prevestibular\/wp-json\/wp\/v2\/users\/1"}],"replies":[{"embeddable":true,"href":"https:\/\/site.equacaocerta.com.br\/prevestibular\/wp-json\/wp\/v2\/comments?post=10"}],"version-history":[{"count":5,"href":"https:\/\/site.equacaocerta.com.br\/prevestibular\/wp-json\/wp\/v2\/pages\/10\/revisions"}],"predecessor-version":[{"id":527,"href":"https:\/\/site.equacaocerta.com.br\/prevestibular\/wp-json\/wp\/v2\/pages\/10\/revisions\/527"}],"wp:attachment":[{"href":"https:\/\/site.equacaocerta.com.br\/prevestibular\/wp-json\/wp\/v2\/media?parent=10"}],"curies":[{"name":"wp","href":"https:\/\/api.w.org\/{rel}","templated":true}]}}