{"id":16,"date":"2020-08-26T21:47:42","date_gmt":"2020-08-27T00:47:42","guid":{"rendered":"https:\/\/site.equacaocerta.com.br\/prevestibular\/?page_id=16"},"modified":"2024-01-12T14:29:39","modified_gmt":"2024-01-12T17:29:39","slug":"home","status":"publish","type":"page","link":"https:\/\/site.equacaocerta.com.br\/prevestibular\/","title":{"rendered":"Equacao Certa &#8211; Pr\u00e9-vestibular"},"content":{"rendered":"<section class=\"l-section wpb_row height_auto width_full\"><div class=\"l-section-h i-cf\"><div class=\"g-cols vc_row type_default valign_top\"><div class=\"vc_col-sm-12 wpb_column vc_column_container\"><div class=\"vc_column-inner\"><div class=\"wpb_wrapper\"><div class=\"wpb_text_column\" ><div class=\"wpb_wrapper\"><div id=\"metaslider-id-90\" style=\"width: 100%;\" class=\"ml-slider-3-102-0 metaslider metaslider-flex metaslider-90 ml-slider ms-theme-default nav-hidden\" role=\"region\" aria-label=\"New Slideshow\" data-height=\"600\" data-width=\"1920\">\n    <div id=\"metaslider_container_90\">\n        <div id=\"metaslider_90\">\n            <ul class='slides'>\n                <li style=\"display: block; width: 100%;\" class=\"slide-538 ms-image \" aria-roledescription=\"slide\" data-date=\"2022-05-02 11:49:46\" data-slide-type=\"image\"><img loading=\"lazy\" decoding=\"async\" src=\"https:\/\/site.equacaocerta.com.br\/prevestibular\/wp-content\/uploads\/sites\/4\/2022\/08\/PROJ-SUPERBANNER-1920X600-96-APROVA\u00c7\u00d5ES.png\" height=\"600\" width=\"1920\" alt=\"\" class=\"slider-90 slide-538 msDefaultImage\" title=\"PROJ SUPERBANNER-1920X600 96 APROVA\u00c7\u00d5ES\" \/><\/li>\n                <li style=\"display: none; width: 100%;\" class=\"slide-564 ms-image \" aria-roledescription=\"slide\" data-date=\"2023-01-10 22:28:21\" data-slide-type=\"image\"><img loading=\"lazy\" decoding=\"async\" src=\"https:\/\/site.equacaocerta.com.br\/prevestibular\/wp-content\/uploads\/sites\/4\/2023\/01\/09-jan-2022-seg-banner-site-1920x600.png\" height=\"600\" width=\"1920\" alt=\"\" class=\"slider-90 slide-564 msDefaultImage\" title=\"09 jan 2022 - seg - banner site\" \/><\/li>\n                <li style=\"display: none; width: 100%;\" class=\"slide-539 ms-image \" aria-roledescription=\"slide\" data-date=\"2022-05-02 11:49:46\" data-slide-type=\"image\"><img loading=\"lazy\" decoding=\"async\" src=\"https:\/\/site.equacaocerta.com.br\/prevestibular\/wp-content\/uploads\/sites\/4\/2022\/08\/PROJ-SUPERBANNER-1920X600-UFPI-PICOS-v2-1.png\" height=\"600\" width=\"1920\" alt=\"\" class=\"slider-90 slide-539 msDefaultImage\" title=\"PROJ SUPERBANNER-1920X600 UFPI PICOS v2 (1)\" \/><\/li>\n                <li style=\"display: none; width: 100%;\" class=\"slide-342 ms-image \" aria-roledescription=\"slide\" data-date=\"2021-08-23 12:09:11\" data-slide-type=\"image\"><img loading=\"lazy\" decoding=\"async\" src=\"https:\/\/site.equacaocerta.com.br\/prevestibular\/wp-content\/uploads\/sites\/4\/2022\/08\/SUPERBANNER-1920X600-MEDICINA-UEMA.png\" height=\"600\" width=\"1920\" alt=\"\" class=\"slider-90 slide-342 msDefaultImage\" title=\"SUPERBANNER-1920X600 MEDICINA UEMA\" \/><\/li>\n                <li style=\"display: none; width: 100%;\" class=\"slide-542 ms-image \" aria-roledescription=\"slide\" data-date=\"2022-05-02 11:49:47\" data-slide-type=\"image\"><img loading=\"lazy\" decoding=\"async\" src=\"https:\/\/site.equacaocerta.com.br\/prevestibular\/wp-content\/uploads\/sites\/4\/2022\/05\/SUPERBANNER-1920X600-MATEM\u00c1TICA-M\u00c1RCIO.png\" height=\"600\" width=\"1920\" alt=\"\" class=\"slider-90 slide-542 msDefaultImage\" title=\"SUPERBANNER 1920X600 MATEM\u00c1TICA M\u00c1RCIO\" \/><\/li>\n                <li style=\"display: none; width: 100%;\" class=\"slide-515 ms-image \" aria-roledescription=\"slide\" data-date=\"2021-12-20 11:32:48\" data-slide-type=\"image\"><img loading=\"lazy\" decoding=\"async\" src=\"https:\/\/site.equacaocerta.com.br\/prevestibular\/wp-content\/uploads\/sites\/4\/2021\/12\/17-jun-2021-banner-site_02.jpg\" height=\"600\" width=\"1920\" alt=\"\" class=\"slider-90 slide-515 msDefaultImage\" title=\"17 jun 2021 - banner site_02\" \/><\/li>\n                <li style=\"display: none; width: 100%;\" class=\"slide-274 ms-image \" aria-roledescription=\"slide\" data-date=\"2021-06-29 12:03:07\" data-slide-type=\"image\"><img loading=\"lazy\" decoding=\"async\" src=\"https:\/\/site.equacaocerta.com.br\/prevestibular\/wp-content\/uploads\/sites\/4\/2021\/06\/29-jun-2021-banner-site.png\" height=\"600\" width=\"1920\" alt=\"\" class=\"slider-90 slide-274 msDefaultImage\" title=\"29 jun 2021 - banner site\" \/><\/li>\n            <\/ul>\n        <\/div>\n        \n    <\/div>\n<\/div>\n<\/div><\/div><\/div><\/div><\/div><\/div><\/div><\/section><section class=\"l-section wpb_row height_medium\"><div class=\"l-section-h i-cf\"><div class=\"g-cols vc_row type_default valign_top\"><div class=\"vc_col-sm-12 wpb_column vc_column_container\"><div class=\"vc_column-inner\"><div class=\"wpb_wrapper\"><div class=\"wpb_text_column\" ><div class=\"wpb_wrapper\"><h1>Nossos Cursos<\/h1>\n<\/div><\/div><div class=\"w-separator size_small with_line width_default thick_1 style_solid color_border align_center\"><div class=\"w-separator-h\"><\/div><\/div><div class=\"w-grid type_grid layout_155 cols_3 overflow_hidden\" id=\"us_grid_1\" data-grid-filter=\"true\" onclick='return []'><style id=\"us_grid_1_css\">#us_grid_1 .w-grid-item{padding:1.5rem}#us_grid_1 .w-grid-list{margin:-1.5rem}.w-grid + #us_grid_1 .w-grid-list{margin-top:1.5rem}@media (max-width:899px){#us_grid_1 .w-grid-item{width:50%}}@media (max-width:599px){#us_grid_1 .w-grid-list{margin:0}#us_grid_1 .w-grid-item{width:100%;padding:0;margin-bottom:1.5rem}}<\/style><style>.layout_155 .w-grid-item-h{background:#fff;color:#1a1a1a;border-radius:0.3rem;z-index:3;box-shadow:0 0.03rem 0.06rem rgba(0,0,0,0.1),0 0.10rem 0.30rem rgba(0,0,0,0.1);transition-duration:0.3s}.no-touch .layout_155 .w-grid-item-h:hover{box-shadow:0 0.12rem 0.24rem rgba(0,0,0,0.1),0 0.40rem 1.20rem rgba(0,0,0,0.15);z-index:4}.layout_155 .usg_vwrapper_1{padding:0.8rem 1.5rem 1.5rem 1.5rem!important}.layout_155 .usg_hwrapper_1{margin-bottom:0.3rem!important}.layout_155 .usg_post_taxonomy_1{font-size:14px!important;font-weight:700!important;text-transform:uppercase!important;margin-right:0.6rem!important}.layout_155 .usg_post_title_1{color:inherit!important;font-weight:700!important;font-size:1.4rem!important}@media (max-width:599px){.layout_155 .usg_post_title_1{font-size:1.2rem!important}}<\/style><div class=\"w-grid-list\" ><article class=\"w-grid-item size_1x1 post-50 us_portfolio type-us_portfolio status-publish has-post-thumbnail hentry\" data-id=\"50\">\r\n\t<div class=\"w-grid-item-h\">\r\n\t\t\t\t<div class=\"w-post-elm post_image usg_post_image_1 stretched\"><a href=\"https:\/\/site.equacaocerta.com.br\/prevestibular\/cursos\/medicina-mais\/\" aria-label=\"Medicina Mais\"><img loading=\"lazy\" decoding=\"async\" width=\"1034\" height=\"852\" src=\"https:\/\/site.equacaocerta.com.br\/prevestibular\/wp-content\/uploads\/sites\/4\/2020\/08\/19-jan-2018-Cursos-Equa\u00e7\u00e3o-Sec-02-1034x852-1.jpg\" class=\"attachment-us_600_600_crop size-us_600_600_crop wp-post-image\" alt=\"\" srcset=\"https:\/\/site.equacaocerta.com.br\/prevestibular\/wp-content\/uploads\/sites\/4\/2020\/08\/19-jan-2018-Cursos-Equa\u00e7\u00e3o-Sec-02-1034x852-1.jpg 1034w, https:\/\/site.equacaocerta.com.br\/prevestibular\/wp-content\/uploads\/sites\/4\/2020\/08\/19-jan-2018-Cursos-Equa\u00e7\u00e3o-Sec-02-1034x852-1-300x247.jpg 300w, https:\/\/site.equacaocerta.com.br\/prevestibular\/wp-content\/uploads\/sites\/4\/2020\/08\/19-jan-2018-Cursos-Equa\u00e7\u00e3o-Sec-02-1034x852-1-1024x844.jpg 1024w\" sizes=\"auto, (max-width: 1034px) 100vw, 1034px\" \/><\/a><\/div><div class=\"w-vwrapper usg_vwrapper_1 align_left valign_top \"><div class=\"w-hwrapper usg_hwrapper_1 align_left valign_top \"><\/div><h2 class=\"w-post-elm post_title usg_post_title_1 entry-title color_link_inherit has_text_color\"><a href=\"https:\/\/site.equacaocerta.com.br\/prevestibular\/cursos\/medicina-mais\/\">Medicina Mais<\/a><\/h2><\/div>\t<\/div>\r\n<\/article>\r\n<article class=\"w-grid-item size_1x1 post-53 us_portfolio type-us_portfolio status-publish has-post-thumbnail hentry\" data-id=\"53\">\r\n\t<div class=\"w-grid-item-h\">\r\n\t\t\t\t<div class=\"w-post-elm post_image usg_post_image_1 stretched\"><a href=\"https:\/\/site.equacaocerta.com.br\/prevestibular\/cursos\/medicina-enem\/\" aria-label=\"Medicina Enem\"><img loading=\"lazy\" decoding=\"async\" width=\"1034\" height=\"852\" src=\"https:\/\/site.equacaocerta.com.br\/prevestibular\/wp-content\/uploads\/sites\/4\/2020\/08\/19-jan-2018-Cursos-Equa\u00e7\u00e3o-Sec-01-1034x852-1.jpg\" class=\"attachment-us_600_600_crop size-us_600_600_crop wp-post-image\" alt=\"\" srcset=\"https:\/\/site.equacaocerta.com.br\/prevestibular\/wp-content\/uploads\/sites\/4\/2020\/08\/19-jan-2018-Cursos-Equa\u00e7\u00e3o-Sec-01-1034x852-1.jpg 1034w, https:\/\/site.equacaocerta.com.br\/prevestibular\/wp-content\/uploads\/sites\/4\/2020\/08\/19-jan-2018-Cursos-Equa\u00e7\u00e3o-Sec-01-1034x852-1-300x247.jpg 300w, https:\/\/site.equacaocerta.com.br\/prevestibular\/wp-content\/uploads\/sites\/4\/2020\/08\/19-jan-2018-Cursos-Equa\u00e7\u00e3o-Sec-01-1034x852-1-1024x844.jpg 1024w\" sizes=\"auto, (max-width: 1034px) 100vw, 1034px\" \/><\/a><\/div><div class=\"w-vwrapper usg_vwrapper_1 align_left valign_top \"><div class=\"w-hwrapper usg_hwrapper_1 align_left valign_top \"><\/div><h2 class=\"w-post-elm post_title usg_post_title_1 entry-title color_link_inherit has_text_color\"><a href=\"https:\/\/site.equacaocerta.com.br\/prevestibular\/cursos\/medicina-enem\/\">Medicina Enem<\/a><\/h2><\/div>\t<\/div>\r\n<\/article>\r\n<article class=\"w-grid-item size_1x1 post-45 us_portfolio type-us_portfolio status-publish has-post-thumbnail hentry\" data-id=\"45\">\r\n\t<div class=\"w-grid-item-h\">\r\n\t\t\t\t<div class=\"w-post-elm post_image usg_post_image_1 stretched\"><a href=\"https:\/\/site.equacaocerta.com.br\/prevestibular\/cursos\/medicina-premium\/\" aria-label=\"Medicina Premium\"><img loading=\"lazy\" decoding=\"async\" width=\"1024\" height=\"844\" src=\"https:\/\/site.equacaocerta.com.br\/prevestibular\/wp-content\/uploads\/sites\/4\/2020\/08\/medicinapremium-1024x844-1.jpg\" class=\"attachment-us_600_600_crop size-us_600_600_crop wp-post-image\" alt=\"\" srcset=\"https:\/\/site.equacaocerta.com.br\/prevestibular\/wp-content\/uploads\/sites\/4\/2020\/08\/medicinapremium-1024x844-1.jpg 1024w, https:\/\/site.equacaocerta.com.br\/prevestibular\/wp-content\/uploads\/sites\/4\/2020\/08\/medicinapremium-1024x844-1-300x247.jpg 300w\" sizes=\"auto, (max-width: 1024px) 100vw, 1024px\" \/><\/a><\/div><div class=\"w-vwrapper usg_vwrapper_1 align_left valign_top \"><div class=\"w-hwrapper usg_hwrapper_1 align_left valign_top \"><\/div><h2 class=\"w-post-elm post_title usg_post_title_1 entry-title color_link_inherit has_text_color\"><a href=\"https:\/\/site.equacaocerta.com.br\/prevestibular\/cursos\/medicina-premium\/\">Medicina Premium<\/a><\/h2><\/div>\t<\/div>\r\n<\/article>\r\n<\/div><div class=\"w-grid-preloader\"><div class=\"g-preloader type_1\">\r\n\t<div><\/div>\r\n<\/div>\r\n<\/div>\t<div class=\"w-grid-json hidden\" onclick='return {&quot;action&quot;:&quot;us_ajax_grid&quot;,&quot;ajax_url&quot;:&quot;https:\\\/\\\/site.equacaocerta.com.br\\\/prevestibular\\\/wp-admin\\\/admin-ajax.php&quot;,&quot;infinite_scroll&quot;:0,&quot;max_num_pages&quot;:1,&quot;pagination&quot;:&quot;none&quot;,&quot;permalink_url&quot;:&quot;https:\\\/\\\/site.equacaocerta.com.br\\\/prevestibular\\\/wp-json\\\/wp\\\/v2\\\/pages\\\/16&quot;,&quot;template_vars&quot;:{&quot;columns&quot;:&quot;3&quot;,&quot;exclude_items&quot;:&quot;none&quot;,&quot;img_size&quot;:&quot;default&quot;,&quot;items_layout&quot;:&quot;155&quot;,&quot;items_offset&quot;:&quot;1&quot;,&quot;overriding_link&quot;:&quot;none&quot;,&quot;post_id&quot;:16,&quot;query_args&quot;:{&quot;post_type&quot;:[&quot;us_portfolio&quot;],&quot;post_status&quot;:[&quot;publish&quot;],&quot;orderby&quot;:{&quot;date&quot;:&quot;DESC&quot;},&quot;posts_per_page&quot;:&quot;10&quot;},&quot;type&quot;:&quot;grid&quot;,&quot;us_grid_ajax_index&quot;:1,&quot;us_grid_filter_params&quot;:null,&quot;us_grid_index&quot;:1,&quot;_us_grid_post_type&quot;:&quot;us_portfolio&quot;}}'><\/div>\r\n<\/div><\/div><\/div><\/div><\/div><\/div><\/section><section class=\"l-section wpb_row height_huge color_primary\"><div class=\"l-section-h i-cf\"><div class=\"g-cols vc_row type_default valign_top\"><div class=\"vc_col-sm-12 wpb_column vc_column_container\"><div class=\"vc_column-inner\"><div class=\"wpb_wrapper\"><div class=\"wpb_text_column\" ><div class=\"wpb_wrapper\"><h1 style=\"text-align: center;\">Novidades!<\/h1>\n<\/div><\/div><div class=\"w-separator size_small with_line width_default thick_1 style_solid color_border align_center\"><div class=\"w-separator-h\"><\/div><\/div><div class=\"g-cols wpb_row  type_default valign_top vc_inner\"><div class=\"vc_col-sm-6 wpb_column vc_column_container\"><div class=\"vc_column-inner\"><div class=\"wpb_wrapper\"><div class=\"wpb_text_column\" ><div class=\"wpb_wrapper\"><p><iframe loading=\"lazy\" src=\"https:\/\/www.youtube.com\/embed\/b-liFRJPY5Q\" width=\"560\" height=\"315\" frameborder=\"0\" allowfullscreen=\"allowfullscreen\"><\/iframe><\/p>\n<\/div><\/div><\/div><\/div><\/div><div class=\"vc_col-sm-6 wpb_column vc_column_container\"><div class=\"vc_column-inner\"><div class=\"wpb_wrapper\"><div class=\"wpb_text_column\" ><div class=\"wpb_wrapper\"><p><iframe loading=\"lazy\" src=\"https:\/\/www.youtube.com\/embed\/FEzxDyOTDBM\" width=\"560\" height=\"315\" frameborder=\"0\" allowfullscreen=\"allowfullscreen\"><\/iframe><\/p>\n<\/div><\/div><\/div><\/div><\/div><\/div><\/div><\/div><\/div><\/div><\/div><\/section><!-- Row Backgrounds --><div class=\"upb_color\" data-bg-override=\"0\" data-bg-color=\"#005a9a\" data-fadeout=\"\" data-fadeout-percentage=\"30\" data-parallax-content=\"\" data-parallax-content-sense=\"30\" data-row-effect-mobile-disable=\"true\" data-img-parallax-mobile-disable=\"true\" data-rtl=\"false\"  data-custom-vc-row=\"\"  data-vc=\"6.2.0\"  data-is_old_vc=\"\"  data-theme-support=\"\"   data-overlay=\"false\" data-overlay-color=\"\" data-overlay-pattern=\"\" data-overlay-pattern-opacity=\"\" data-overlay-pattern-size=\"\"    ><\/div><section class=\"l-section wpb_row height_medium\"><div class=\"l-section-h i-cf\"><div class=\"g-cols vc_row type_default valign_top\"><div class=\"vc_col-sm-12 wpb_column vc_column_container\"><div class=\"vc_column-inner\"><div class=\"wpb_wrapper\"><div class=\"wpb_text_column\" ><div class=\"wpb_wrapper\"><h1 style=\"text-align: center;\">Not\u00edcias<\/h1>\n<\/div><\/div><div class=\"w-separator size_small with_line width_default thick_1 style_solid color_border align_center\"><div class=\"w-separator-h\"><\/div><\/div><div class=\"w-grid type_grid layout_blog_9 cols_3 overflow_hidden\" id=\"us_grid_2\" data-grid-filter=\"false\"><style id=\"us_grid_2_css\">#us_grid_2 .w-grid-item{padding:1.5rem}#us_grid_2 .w-grid-list{margin:-1.5rem}.w-grid + #us_grid_2 .w-grid-list{margin-top:1.5rem}@media (max-width:899px){#us_grid_2 .w-grid-item{width:50%}}@media (max-width:599px){#us_grid_2 .w-grid-list{margin:0}#us_grid_2 .w-grid-item{width:100%;padding:0;margin-bottom:1.5rem}}<\/style><style>.layout_blog_9 .w-grid-item-h{background:#fff;color:#1a1a1a;border-radius:0.3rem;z-index:3;box-shadow:0 0.03rem 0.06rem rgba(0,0,0,0.1),0 0.10rem 0.30rem rgba(0,0,0,0.1);transition-duration:0.3s}.no-touch .layout_blog_9 .w-grid-item-h:hover{box-shadow:0 0.12rem 0.24rem rgba(0,0,0,0.1),0 0.40rem 1.20rem rgba(0,0,0,0.15);z-index:4}.layout_blog_9 .usg_vwrapper_1{padding:0.8rem 1.5rem 1.5rem 1.5rem!important}.layout_blog_9 .usg_hwrapper_1{margin-bottom:0.3rem!important}.layout_blog_9 .usg_post_taxonomy_1{font-size:14px!important;font-weight:700!important;text-transform:uppercase!important;margin-right:0.6rem!important}.layout_blog_9 .usg_post_date_1{color:#999!important;font-size:14px!important;margin-bottom:0.3rem!important}.layout_blog_9 .usg_post_title_1{color:inherit!important;font-weight:700!important;font-size:1.4rem!important}@media (max-width:599px){.layout_blog_9 .usg_post_title_1{font-size:1.2rem!important}}<\/style><div class=\"w-grid-list\" ><article class=\"w-grid-item size_1x1 post-482 post type-post status-publish format-standard has-post-thumbnail hentry category-noticias\" data-id=\"482\">\r\n\t<div class=\"w-grid-item-h\">\r\n\t\t\t\t\t<a class=\"w-grid-item-anchor\" href=\"https:\/\/site.equacaocerta.com.br\/prevestibular\/noticias\/segundo-dia-da-mega-revisao-equacao-certa-superou-todas-as-expectativas\/\" rel=\"bookmark\" aria-label=\"Segundo dia da Mega Revis\u00e3o Equa\u00e7\u00e3o Certa superou todas as expectativas\"><\/a>\r\n\t\t\t\t<div class=\"w-post-elm post_image usg_post_image_1 stretched\"><a href=\"https:\/\/site.equacaocerta.com.br\/prevestibular\/noticias\/segundo-dia-da-mega-revisao-equacao-certa-superou-todas-as-expectativas\/\" aria-label=\"Segundo dia da Mega Revis\u00e3o Equa\u00e7\u00e3o Certa superou todas as expectativas\"><img loading=\"lazy\" decoding=\"async\" width=\"1280\" height=\"853\" src=\"https:\/\/site.equacaocerta.com.br\/prevestibular\/wp-content\/uploads\/sites\/4\/2021\/12\/WhatsApp-Image-2021-11-30-at-10.59.50-1.jpeg\" class=\"attachment-us_600_600_crop size-us_600_600_crop wp-post-image\" alt=\"\" srcset=\"https:\/\/site.equacaocerta.com.br\/prevestibular\/wp-content\/uploads\/sites\/4\/2021\/12\/WhatsApp-Image-2021-11-30-at-10.59.50-1.jpeg 1280w, https:\/\/site.equacaocerta.com.br\/prevestibular\/wp-content\/uploads\/sites\/4\/2021\/12\/WhatsApp-Image-2021-11-30-at-10.59.50-1-300x200.jpeg 300w, https:\/\/site.equacaocerta.com.br\/prevestibular\/wp-content\/uploads\/sites\/4\/2021\/12\/WhatsApp-Image-2021-11-30-at-10.59.50-1-1024x682.jpeg 1024w\" sizes=\"auto, (max-width: 1280px) 100vw, 1280px\" \/><\/a><\/div><div class=\"w-vwrapper usg_vwrapper_1 align_left valign_top \"><div class=\"w-hwrapper usg_hwrapper_1 align_left valign_top \"><div class=\"w-post-elm post_taxonomy usg_post_taxonomy_1 style_simple\"><a href=\"https:\/\/site.equacaocerta.com.br\/prevestibular\/category\/noticias\/\">Not\u00edcias<\/a><\/div><time class=\"w-post-elm post_date usg_post_date_1 entry-date published\" datetime=\"2021-12-01T14:08:19-03:00\" title=\"1 dezembro 2021 \u00e0s 14:08:19 America\/Sao_Paulo\">1 dez 2021<\/time><\/div><h2 class=\"w-post-elm post_title usg_post_title_1 entry-title color_link_inherit has_text_color\"><a href=\"https:\/\/site.equacaocerta.com.br\/prevestibular\/noticias\/segundo-dia-da-mega-revisao-equacao-certa-superou-todas-as-expectativas\/\">Segundo dia da Mega Revis\u00e3o Equa\u00e7\u00e3o Certa superou todas as expectativas<\/a><\/h2><\/div>\t<\/div>\r\n<\/article>\r\n<article class=\"w-grid-item size_1x1 post-460 post type-post status-publish format-standard has-post-thumbnail hentry category-noticias\" data-id=\"460\">\r\n\t<div class=\"w-grid-item-h\">\r\n\t\t\t\t\t<a class=\"w-grid-item-anchor\" href=\"https:\/\/site.equacaocerta.com.br\/prevestibular\/noticias\/equacao-certa-promove-mega-revisao-para-enem-2021\/\" rel=\"bookmark\" aria-label=\"Equa\u00e7\u00e3o Certa promove Mega Revis\u00e3o para Enem 2021\"><\/a>\r\n\t\t\t\t<div class=\"w-post-elm post_image usg_post_image_1 stretched\"><a href=\"https:\/\/site.equacaocerta.com.br\/prevestibular\/noticias\/equacao-certa-promove-mega-revisao-para-enem-2021\/\" aria-label=\"Equa\u00e7\u00e3o Certa promove Mega Revis\u00e3o para Enem 2021\"><img loading=\"lazy\" decoding=\"async\" width=\"1280\" height=\"853\" src=\"https:\/\/site.equacaocerta.com.br\/prevestibular\/wp-content\/uploads\/sites\/4\/2021\/12\/WhatsApp-Image-2021-11-30-at-10.56.17.jpeg\" class=\"attachment-us_600_600_crop size-us_600_600_crop wp-post-image\" alt=\"\" srcset=\"https:\/\/site.equacaocerta.com.br\/prevestibular\/wp-content\/uploads\/sites\/4\/2021\/12\/WhatsApp-Image-2021-11-30-at-10.56.17.jpeg 1280w, https:\/\/site.equacaocerta.com.br\/prevestibular\/wp-content\/uploads\/sites\/4\/2021\/12\/WhatsApp-Image-2021-11-30-at-10.56.17-300x200.jpeg 300w, https:\/\/site.equacaocerta.com.br\/prevestibular\/wp-content\/uploads\/sites\/4\/2021\/12\/WhatsApp-Image-2021-11-30-at-10.56.17-1024x682.jpeg 1024w\" sizes=\"auto, (max-width: 1280px) 100vw, 1280px\" \/><\/a><\/div><div class=\"w-vwrapper usg_vwrapper_1 align_left valign_top \"><div class=\"w-hwrapper usg_hwrapper_1 align_left valign_top \"><div class=\"w-post-elm post_taxonomy usg_post_taxonomy_1 style_simple\"><a href=\"https:\/\/site.equacaocerta.com.br\/prevestibular\/category\/noticias\/\">Not\u00edcias<\/a><\/div><time class=\"w-post-elm post_date usg_post_date_1 entry-date published\" datetime=\"2021-12-01T14:04:12-03:00\" title=\"1 dezembro 2021 \u00e0s 14:04:12 America\/Sao_Paulo\">1 dez 2021<\/time><\/div><h2 class=\"w-post-elm post_title usg_post_title_1 entry-title color_link_inherit has_text_color\"><a href=\"https:\/\/site.equacaocerta.com.br\/prevestibular\/noticias\/equacao-certa-promove-mega-revisao-para-enem-2021\/\">Equa\u00e7\u00e3o Certa promove Mega Revis\u00e3o para Enem 2021<\/a><\/h2><\/div>\t<\/div>\r\n<\/article>\r\n<article class=\"w-grid-item size_1x1 post-456 post type-post status-publish format-standard has-post-thumbnail hentry category-noticias\" data-id=\"456\">\r\n\t<div class=\"w-grid-item-h\">\r\n\t\t\t\t\t<a class=\"w-grid-item-anchor\" href=\"https:\/\/site.equacaocerta.com.br\/prevestibular\/noticias\/mais-uma-vez-o-pre-vestibular-do-equacao-certa-conquista-os-primeiro-lugares-da-uninovafapi\/\" rel=\"bookmark\" aria-label=\"Equa\u00e7\u00e3o Certa conquista os primeiros lugares da UNINOVAFAPI\"><\/a>\r\n\t\t\t\t<div class=\"w-post-elm post_image usg_post_image_1 stretched\"><a href=\"https:\/\/site.equacaocerta.com.br\/prevestibular\/noticias\/mais-uma-vez-o-pre-vestibular-do-equacao-certa-conquista-os-primeiro-lugares-da-uninovafapi\/\" aria-label=\"Equa\u00e7\u00e3o Certa conquista os primeiros lugares da UNINOVAFAPI\"><img loading=\"lazy\" decoding=\"async\" width=\"1280\" height=\"1279\" src=\"https:\/\/site.equacaocerta.com.br\/prevestibular\/wp-content\/uploads\/sites\/4\/2021\/12\/WhatsApp-Image-2021-11-30-at-10.49.43.jpeg\" class=\"attachment-us_600_600_crop size-us_600_600_crop wp-post-image\" alt=\"\" srcset=\"https:\/\/site.equacaocerta.com.br\/prevestibular\/wp-content\/uploads\/sites\/4\/2021\/12\/WhatsApp-Image-2021-11-30-at-10.49.43.jpeg 1280w, https:\/\/site.equacaocerta.com.br\/prevestibular\/wp-content\/uploads\/sites\/4\/2021\/12\/WhatsApp-Image-2021-11-30-at-10.49.43-300x300.jpeg 300w, https:\/\/site.equacaocerta.com.br\/prevestibular\/wp-content\/uploads\/sites\/4\/2021\/12\/WhatsApp-Image-2021-11-30-at-10.49.43-1024x1024.jpeg 1024w, https:\/\/site.equacaocerta.com.br\/prevestibular\/wp-content\/uploads\/sites\/4\/2021\/12\/WhatsApp-Image-2021-11-30-at-10.49.43-150x150.jpeg 150w\" sizes=\"auto, (max-width: 1280px) 100vw, 1280px\" \/><\/a><\/div><div class=\"w-vwrapper usg_vwrapper_1 align_left valign_top \"><div class=\"w-hwrapper usg_hwrapper_1 align_left valign_top \"><div class=\"w-post-elm post_taxonomy usg_post_taxonomy_1 style_simple\"><a href=\"https:\/\/site.equacaocerta.com.br\/prevestibular\/category\/noticias\/\">Not\u00edcias<\/a><\/div><time class=\"w-post-elm post_date usg_post_date_1 entry-date published\" datetime=\"2021-12-01T13:59:46-03:00\" title=\"1 dezembro 2021 \u00e0s 13:59:46 America\/Sao_Paulo\">1 dez 2021<\/time><\/div><h2 class=\"w-post-elm post_title usg_post_title_1 entry-title color_link_inherit has_text_color\"><a href=\"https:\/\/site.equacaocerta.com.br\/prevestibular\/noticias\/mais-uma-vez-o-pre-vestibular-do-equacao-certa-conquista-os-primeiro-lugares-da-uninovafapi\/\">Equa\u00e7\u00e3o Certa conquista os primeiros lugares da UNINOVAFAPI<\/a><\/h2><\/div>\t<\/div>\r\n<\/article>\r\n<\/div><div class=\"w-grid-preloader\"><div class=\"g-preloader type_1\">\r\n\t<div><\/div>\r\n<\/div>\r\n<\/div>\t<div class=\"w-grid-json hidden\" onclick='return {&quot;action&quot;:&quot;us_ajax_grid&quot;,&quot;ajax_url&quot;:&quot;https:\\\/\\\/site.equacaocerta.com.br\\\/prevestibular\\\/wp-admin\\\/admin-ajax.php&quot;,&quot;infinite_scroll&quot;:0,&quot;max_num_pages&quot;:5,&quot;pagination&quot;:&quot;none&quot;,&quot;permalink_url&quot;:&quot;https:\\\/\\\/site.equacaocerta.com.br\\\/prevestibular\\\/wp-json\\\/wp\\\/v2\\\/pages\\\/16&quot;,&quot;template_vars&quot;:{&quot;columns&quot;:&quot;3&quot;,&quot;exclude_items&quot;:&quot;none&quot;,&quot;img_size&quot;:&quot;default&quot;,&quot;items_layout&quot;:&quot;blog_9&quot;,&quot;items_offset&quot;:&quot;1&quot;,&quot;overriding_link&quot;:&quot;post&quot;,&quot;post_id&quot;:45,&quot;query_args&quot;:{&quot;post_type&quot;:[&quot;post&quot;],&quot;post_status&quot;:[&quot;publish&quot;],&quot;orderby&quot;:{&quot;date&quot;:&quot;DESC&quot;},&quot;posts_per_page&quot;:&quot;3&quot;},&quot;type&quot;:&quot;grid&quot;,&quot;us_grid_ajax_index&quot;:1,&quot;us_grid_filter_params&quot;:null,&quot;us_grid_index&quot;:2,&quot;_us_grid_post_type&quot;:&quot;post&quot;}}'><\/div>\r\n<\/div><\/div><\/div><\/div><\/div><\/div><\/section>\n","protected":false},"excerpt":{"rendered":"O 1\u00b0 e o 3\u00b0 lugar em Medicina na UNINOVAFAPI s\u00e3o nossos. Al\u00e9m de mais de 20 vagas para o curso na institui\u00e7\u00e3o. Orgulho nos define! Aqui, vemos o resultado do nosso trabalho, todos os dias, na felicidade de cada fam\u00edlia que acredita e confia em n\u00f3s e na realiza\u00e7\u00e3o do sonho de cada Equalindo...","protected":false},"author":1,"featured_media":0,"parent":0,"menu_order":0,"comment_status":"closed","ping_status":"closed","template":"","meta":{"footnotes":""},"class_list":["post-16","page","type-page","status-publish","hentry"],"_links":{"self":[{"href":"https:\/\/site.equacaocerta.com.br\/prevestibular\/wp-json\/wp\/v2\/pages\/16","targetHints":{"allow":["GET"]}}],"collection":[{"href":"https:\/\/site.equacaocerta.com.br\/prevestibular\/wp-json\/wp\/v2\/pages"}],"about":[{"href":"https:\/\/site.equacaocerta.com.br\/prevestibular\/wp-json\/wp\/v2\/types\/page"}],"author":[{"embeddable":true,"href":"https:\/\/site.equacaocerta.com.br\/prevestibular\/wp-json\/wp\/v2\/users\/1"}],"replies":[{"embeddable":true,"href":"https:\/\/site.equacaocerta.com.br\/prevestibular\/wp-json\/wp\/v2\/comments?post=16"}],"version-history":[{"count":15,"href":"https:\/\/site.equacaocerta.com.br\/prevestibular\/wp-json\/wp\/v2\/pages\/16\/revisions"}],"predecessor-version":[{"id":293,"href":"https:\/\/site.equacaocerta.com.br\/prevestibular\/wp-json\/wp\/v2\/pages\/16\/revisions\/293"}],"wp:attachment":[{"href":"https:\/\/site.equacaocerta.com.br\/prevestibular\/wp-json\/wp\/v2\/media?parent=16"}],"curies":[{"name":"wp","href":"https:\/\/api.w.org\/{rel}","templated":true}]}}